
30
What is -1001 (base 2) in base 5?
-14
-133 (base 4) to base 8
-37
-15 (base 13) to base 15
-13
-212 (base 7) to base 6
-255
Convert -3 (base 8) to base 7.
-3
Convert 21 (base 6) to base 8.
15
-14 (base 8) to base 14
-c
10 (base 8) to base 5
13
What is 15 (base 8) in base 6?
21
What is -4 (base 11) in base 3?
-11
What is -2 (base 14) in base 2?
-10
Convert -13 (base 7) to base 8.
-12
What is -2 (base 15) in base 4?
-2
Convert 1 (base 5) to base 2.
1
Convert -51 (base 9) to base 11.
-42
What is 11232 (base 4) in base 2?
101101110
-1101101 (base 2) to base 5
-414
What is 11 (base 3) in base 6?
4
311 (base 4) to base 12
45
What is -18 (base 11) in base 16?
-13
-1 (base 3) to base 16
-1
What is -10110010 (base 2) in base 12?
-12a
What is -61 (base 12) in base 4?
-1021
3 (base 8) to base 6
3
Convert 48 (base 15) to base 14.
4c
What is 100 (base 5) in base 8?
31
12 (base 15) to base 10
17
Convert 215 (base 6) to base 4.
1103
-2 (base 14) to base 10
-2
Convert 150 (base 6) to base 14.
4a
What is -304 (base 10) in base 12?
-214
Convert -10120 (base 3) to base 13.
-75
Convert -11 (base 8) to base 6.
-13
What is 7 (base 8) in base 10?
7
What is -70 (base 9) in base 11?
-58
13 (base 13) to base 14
12
-101010100 (base 2) to base 3
-110121
What is 0 (base 8) in base 2?
0
What is 30 (base 9) in base 12?
23
Convert -109 (base 10) to base 16.
-6d
Convert 313 (base 4) to base 9.
61
Convert -2 (base 7) to base 13.
-2
1 (base 3) to base 7
1
What is -4 (base 11) in base 13?
-4
What is 4 (base 7) in base 11?
4
What is 3 (base 11) in base 12?
3
Convert 11 (base 12) to base 4.
31
-107 (base 8) to base 6
-155
What is -122 (base 6) in base 13?
-3b
241 (base 5) to base 9
78
-9 (base 14) to base 3
-100
44 (base 11) to base 4
300
-3 (base 15) to base 14
-3
-101101 (base 2) to base 9
-50
Convert -2 (base 4) to base 15.
-2
-52 (base 9) to base 8
-57
What is 22 (base 13) in base 8?
34
What is -22 (base 5) in base 4?
-30
What is 101 (base 2) in base 16?
5
What is 1 (base 3) in base 14?
1
Convert 7 (base 12) to base 13.
7
Convert 18 (base 9) to base 7.
23
-22 (base 8) to base 13
-15
182 (base 9) to base 4
2123
Convert 9 (base 11) to base 4.
21
2 (base 15) to base 5
2
What is -55 (base 12) in base 13?
-50
Convert 27 (base 15) to base 2.
100101
Convert -4b (base 14) to base 4.
-1003
Convert 110 (base 2) to base 5.
11
Convert -14 (base 6) to base 7.
-13
What is 0 (base 16) in base 6?
0
What is 56 (base 12) in base 14?
4a
Convert 18 (base 15) to base 2.
10111
Convert 15 (base 13) to base 2.
10010
Convert -13 (base 4) to base 14.
-7
What is -13 (base 4) in base 7?
-10
344 (base 7) to base 3
20122
Convert 2 (base 13) to base 4.
2
Convert -424 (base 7) to base 6.
-554
-10 (base 3) to base 11
-3
Convert 27 (base 14) to base 15.
25
What is 103 (base 6) in base 7?
54
What is 3 (base 10) in base 12?
3
What is a (base 11) in base 4?
22
3 (base 5) to base 15
3
What is -7 (base 16) in base 14?
-7
Convert 5 (base 11) to base 2.
101
Convert 15 (base 9) to base 8.
16
-36 (base 11) to base 2
-100111
11100 (base 2) to base 9
31
3 (base 7) to base 5
3
Convert 11111 (base 3) to base 12.
a1
Convert -13 (base 8) to base 14.
-b
What is -34 (base 7) in base 8?
-31
10 (base 2) to base 5
2
Convert 133 (base 5) to base 16.
2b
2 (base 7) to base 15
2
What is -206 (base 8) in base 13?
-a4
What is -101001 (base 2) in base 9?
-45
Convert 1 (base 16) to base 3.
1
What is 5 (base 7) in base 14?
5
Convert 12 (base 6) to base 16.
8
-12 (base 14) to base 8
-20
-48 (base 10) to base 9
-53
What is 1 (base 9) in base 4?
1
What is -34 (base 5) in base 7?
-25
What is -20 (base 9) in base 10?
-18
0 (base 7) to base 10
0
What is -20 (base 7) in base 6?
-22
What is -1002 (base 3) in base 10?
-29
Convert -8 (base 16) to base 4.
-20
What is -12 (base 5) in base 11?
-7
Convert 3 (base 11) to base 7.
3
What is 1 (base 5) in base 10?
1
Convert 1 (base 6) to base 10.
1
10 (base 6) to base 16
6
1 (base 6) to base 16
1
Convert -3 (base 13) to base 16.
-3
What is 10111 (base 2) in base 5?
43
Convert -20 (base 9) to base 12.
-16
What is -101011 (base 2) in base 15?
-2d
Convert 3231 (base 4) to base 6.
1033
What is 10 (base 3) in base 8?
3
1 (base 15) to base 2
1
What is 6 (base 10) in base 5?
11
Convert 342 (base 5) to base 13.
76
Convert -1 (base 14) to base 6.
-1
-2 (base 10) to base 16
-2
Convert -5 (base 6) to base 4.
-11
Convert 10101 (base 2) to base 11.
1a
-79 (base 15) to base 11
-a4
Convert -1a (base 16) to base 14.
-1c
Convert 111 (base 3) to base 6.
21
Convert -16 (base 13) to base 10.
-19
Convert 4 (base 13) to base 9.
4
Convert -13 (base 13) to base 14.
-12
What is -314 (base 5) in base 16?
-54
What is -212 (base 9) in base 4?
-2231
What is -100100110 (base 2) in base 9?
-356
0 (base 9) to base 16
0
Convert -8f (base 16) to base 12.
-bb
What is -1 (base 7) in base 3?
-1
Convert 74 (base 9) to base 5.
232
-341 (base 5) to base 6
-240
41 (base 14) to base 11
52
8 (base 16) to base 3
22
Convert 21 (base 4) to base 10.
9
-11011010 (base 2) to base 16
-da
What is 23 (base 15) in base 16?
21
Convert -1 (base 14) to base 9.
-1
-12 (base 4) to base 12
-6
133 (base 10) to base 3
11221
Convert -1010101 (base 2) to base 5.
-320
164 (base 8) to base 7
224
What is 0 (base 8) in base 14?
0
What is 244 (base 7) in base 15?
8a
-36 (base 7) to base 14
-1d
What is 2 (base 12) in base 14?
2
Convert -11 (base 3) to base 2.
-100
What is -2 (base 16) in base 15?
-2
-2 (base 10) to base 12
-2
Convert 413 (base 5) to base 2.
1101100
Convert 233 (base 4) to base 8.
57
Convert -11000000 (base 2) to base 5.
-1232
Convert -1000 (base 2) to base 3.
-22
What is -5 (base 16) in base 9?
-5
Convert 5 (base 12) to base 6.
5
503 (base 6) to base 5
1213
-10102 (base 4) to base 9
-334
What is -c (base 15) in base 9?
-13
Convert 10101101 (base 2) to base 4.
2231
Convert -221 (base 7) to base 11.
-a3
What is 10 (base 16) in base 6?
24
Convert 3 (base 5) to base 3.
10
-20 (base 11) to base 7
-31
Convert -4 (base 10) to base 4.
-10
22 (base 8) to base 14
14
-41 (base 6) to base 5
-100
What is 110 (base 2) in base 16?
6
What is -1 (base 10) in base 11?
-1
32 (base 4) to base 5
24
Convert -38 (base 12) to base 2.
-101100
Convert -8 (base 11) to base 16.
-8
Convert 101 (base 3) to base 5.
20
What is -1b (base 15) in base 11?
-24
What is 5 (base 15) in base 6?
5
5 (base 9) to base 14
5
Convert -8 (base 16) to base 9.
-8
Convert 14 (base 16) to base 5.
40
Convert 60 (base 12) to base 10.
72
What is 102 (base 4) in base 7?
24
-4 (base 12) to base 6
-4
Convert -21 (base 6) to base 5.
-23
What is -5b (base 12) in base 6?
-155
What is -21 (base 3) in base 15?
-7
31 (base 11) to base 15
24
Convert 10 (base 7) to base 10.
7
What is 1 (base 11) in base 13?
1
Convert -23 (base 8) to base 15.
-14
What is -20 (base 7) in base 14?
-10
22 (base 11) to base 9
26
Convert 10011101 (base 2) to base 13.
c1
Convert -211 (base 3) to base 15.
-17
1 (base 3) to base 7
1
What is -11 (base 10) in base 16?
-b
Convert 197 (base 13) to base 4.
10211
Convert -11 (base 15) to base 6.
-24
Convert -3 (base 9) to base 8.
-3
What is -26 (base 9) in base 14?
-1a
-163 (base 8) to base 10
-115
Convert 1101 (base 2) to base 11.
12
What is -30 (base 12) in base 11?
-33
What is -9 (base 13) in base 11?
-9
1 (base 10) to base 3
1
What is -32 (base 4) in base 9?
-15
75 (base 12) to base 3
10022
What is -4 (base 9) in base 15?
-4
Convert 3 (base 8) to base 3.
10
What is -35 (base 10) in base 15?
-25
What is -34 (base 8) in base 11?
-26
-2 (base 11) to base 3
-2
1d (base 15) to base 10
28
Convert 2 (base 16) to base 13.
2
Convert -1 (base 5) to base 6.
-1
What is -12 (base 4) in base 11?
-6
Convert -30 (base 6) to base 7.
-24
cd (base 14) to base 15
c1
Convert 214 (base 10) to base 2.
11010110
Convert -5 (base 14) to base 4.
-11
Convert -164 (base 10) to base 2.
-10100100
10010100 (base 2) to base 8
224
What is -2 (base 7) in base 11?
-2
Convert -4 (base 16) to base 10.
-4
Convert 1303 (base 4) to base 5.
430
Convert 4 (base 10) to base 9.
4
-3 (base 12) to base 13
-3
Convert -17b (base 16) to base 7.
-1051
-32 (base 7) to base 3
-212
What is -202 (base 7) in base 12?
-84
Convert 1 (base 6) to base 12.
1
-1 (base 2) to base 10
-1
What is 22 (base 5) in base 14?
c
-2 (base 16) to base 2
-10
What 